 = -v + w. What is the units digit of v?
8
Let s(i) = 3*i**2 + 48*i + 24. What is the units digit of s(-22)?
0
Let v(y) be the third derivative of 19/6*y**3 - 1/12*y**4 + 0 - 2*y**2 + 0*y. What is the tens digit of v(-13)?
4
Suppose -3*v - 93 = -4*m, -4*v = -5*v - m - 31. Let i = v - -7. Let x = i + 43. What is the tens digit of x?
1
Let z(h) be the first derivative of -h**2/2 + 3*h - 13. What is the tens digit of z(-13)?
1
Suppose 902 - 3536 = -6*h. What is the hundreds digit of h?
4
Let u(l) = 18*l + 200. What is the units digit of u(11)?
8
Let d be (-2 + 0)*-2 + 1. Suppose -70 = -s + d*i + 22, 0 = 5*i - 25. Suppose 0 = -2*v + 2*g - g + 107, 2*v - s = -g. What is the tens digit of v?
5
Suppose -17257 = -5*a + 15*j - 17*j, 3*a = -j + 10355. What is the units digit of a?
3
Let d be 8 + 7/(28/(-16)). Let g be d*1*(-10)/(-8). Suppose 5*i - 3*m = -9 + 115, -4*i - g*m + 107 = 0. What is the tens digit of i?
2
Suppose -1805 = -5*k + 575. What is the hundreds digit of k?
4
Let n be 3*((-8)/6)/(-1). Suppose -n*p - 4*g = 76, p - 63 = 4*p - 3*g. Let d = p - -40. What is the units digit of d?
0
Suppose -2*u = c - 721, 2*c - 5*u - 291 - 1169 = 0. What is the units digit of c?
5
Suppose -k + 866 = 220. What is the hundreds digit of k?
6
Let m(o) = -o**2 + 5*o + 6. Let v be m(6). Let q(l) = l - 10. Let h be q(14). Let z = h + v. What is the units digit of z?
4
Let z(y) = 4*y - 6. Let n be z(5). Let r = -23 + n. What is the tens digit of r/54 + (-169)/(-6)?
2
Let s(q) = 14*q**2 - 4*q + 101. What is the thousands digit of s(9)?
1
Let l be (-27)/(-4) - 12/16. Suppose -4*s - 114 = -l*s. Suppose -2*r - s = -5*r. What is the units digit of r?
9
Let q = 44 + -110. Let z = q - -112. What is the units digit of z?
6
Let s(g) = -50*g**3 - 3*g**2 + 6*g - 4. Let t be s(4). What is the units digit of t/(-90) + (-6)/(-45)?
6
Suppose -2*l + 44 + 8 = -4*g, 2*l + g = 27. Let m be -5*-2*2/10. Suppose -l = -m*o + 16. What is the tens digit of o?
1
Let n = 28 + -28. Suppose 5*g - 5 = -n. Let u(l) = 6*l - 3. What is the units digit of u(g)?
3
Suppose 15686 = -19*x + 55320. What is the hundreds digit of x?
0
Let d = -13 + 4. Suppose 0 = -p + 3 + 3. What is the units digit of d/p + (-37)/(-2)?
7
Let v(x) = -x + 1. Let t be v(-11). Suppose t = 4*z - 4. Suppose -2*b - z*s = -76, -5*b - 109 = -s - 321. What is the tens digit of b?
4
Let r = -772 + 3554. What is the tens digit of r?
8
Let k = -7283 - -10983. What is the thousands digit of k?
3
Let v(x) = x**2 - 3*x + 2. Let u = -12 - -15. Let h be v(u). Suppose 0 = -2*s + 10, -5*s + 17 = -4*a + h*a. What is the units digit of a?
4
Let j = -5 + 8. Suppose -8 = -f + 2*w, -j*w = -f + 4 + 7. Suppose 2*k - 5*i - 8 = 0, -i = -2*k - f*i + 20. What is the units digit of k?
9
Let u = 47 + -6. Let p = u + -152. What is the units digit of (3 + p/6)*-2?
1
Let j be ((-64)/20)/(-2)*20. What is the tens digit of 4/(j/118) - (-1)/4?
1
Let l(m) = -m**3 + 3*m**2 + 13*m + 13. What is the units digit of l(-6)?
9
Let t(w) = -43*w**3 + 2*w**2 + 10*w + 21. What is the thousands digit of t(-3)?
1
Let m(w) = -14*w + 1. Let n(u) = -3*u**3 + u. Let t be n(1). Let f be t/(-12) + (-26)/12. What is the tens digit of m(f)?
2
What is the hundreds digit of (-4 - -1)*590/(-15)?
1
Suppose 0*n - 840 = -4*n - 4*y, 0 = 5*n - 3*y - 1082. What is the tens digit of n?
1
Let u = 8 - 19. Let r = 16 + u. Suppose m - 8 = 2*y, r*m + 4 = 3*y + 44. What is the units digit of m?
8
Let o be 1/(-5) - 4242/(-35). Suppose -4*i + o = p, -p - i = 2*p - 418. What is the tens digit of p?
4
Let v(f) = f**3 - 13*f**2 - 17*f - 33. Let o = 26 + -11. What is the units digit of v(o)?
2
Suppose 0 = -5*u + 9*u - 36. Let k be (4 - 1)*12/u. Suppose 0 = -t - k + 9. What is the units digit of t?
5
Let v(i) = -6*i - i - 2*i**2 + 5 + 3*i**2 + 1. What is the tens digit of v(11)?
5
Suppose 0 = -5*d, 0 = 2*y - 2*d + 659 - 3159. What is the tens digit of y?
5
Suppose 5753 = 6*l + 755. What is the tens digit of l?
3
Suppose -13*z + 3008 = 3*z. What is the tens digit of z?
8
What is the units digit of -4 + (-1 - -2569)/6?
4
Let f(u) = 3*u + 19. Let v be f(-15). Let x = 21 - v. What is the units digit of x?
7
Suppose 0 = -11*z + 8*z + 9447. What is the units digit of z?
9
Let o(u) = -62*u**2 + 62*u**2 - 1 - u - 3*u**3. Let h be o(-1). Let a = 24 + h. What is the units digit of a?
7
Let z = 90 + -76. Suppose -z*k + 27 + 911 = 0. What is the units digit of k?
7
Suppose 2 = -3*g + 8, 5*s - 2*g - 3436 = 0. Suppose -4*x = -8*x + s. What is the hundreds digit of x?
1
Suppose -13 - 34 = -3*r - w, 0 = 5*w - 10. Suppose -2*f + 29 = 23. Suppose -f - r = -v. What is the tens digit of v?
1
Let v(p) = -p**3 + 18*p**2 + 63. What is the units digit of v(11)?
0
Let v be (-14)/(-35) + 913/5. What is the tens digit of (3 - v/6)*-2?
5
Suppose -5*w = -5*n + 5, -6*w + w + 5 = -3*n. Let y be (4/20 - 102/(-15)) + -4. Suppose 3*h - 27 = n*b, -4*b + y*b - 25 = -2*h. What is the units digit of h?
4
Let p = 755 - 319. What is the tens digit of p?
3
Let s(l) = 3*l**3 - 1. Let u be s(-2). Let t = 5 - u. What is the units digit of t?
0
Let v be -2 - (1 - (-10)/(-1)). Suppose 2*c - v*c + 4 = -b, 2*b - 2*c = 32. Let q = b + -15. What is the units digit of q?
6
Let a(z) = -z + 5. Let x be a(-5). Suppose -85 - 55 = -x*t. What is the units digit of t?
4
Let i(u) = -56*u + 38. What is the units digit of i(-6)?
4
Let f be (-4 + (-15)/(-5))*6. Let o = f - -60. What is the units digit of o?
4
Let j = -183 + 1412. What is the hundreds digit of j?
2
Let a(f) be the second derivative of -f**4/12 + 2*f**3 - 9*f**2/2 - 37*f. What is the units digit of a(10)?
1
Suppose 17 = -4*a + 49. Suppose -10*x = -a*x. Let s(l) = -l**3 - l**2 + 43. What is the tens digit of s(x)?
4
Suppose -6*x - 4720 = -5*s - 4*x, -4*s + 2*x + 3774 = 0. What is the hundreds digit of s?
9
Let g = 1649 - 502. What is the thousands digit of g?
1
Let v be ((-3)/(-9))/(5/(-45)*-1). Suppose -v*f = -5*y - 0*f + 665, 5*y + 4*f = 665. What is the units digit of y?
3
Suppose 1293 + 1167 = 20*f. Let p = 47 + f. What is the units digit of p?
0
Let v(j) be the third derivative of j**4/6 + 4*j**3 - 8*j**2. What is the tens digit of v(13)?
7
Suppose 4*l = 8, -o - 21*l + 481 = -26*l. What is the tens digit of o?
9
Let y(x) = -x - 6. Let s(d) = -d - 6. Let l(o) = 3*s(o) - 2*y(o). Let n be l(-6). Suppose n*u - 26 = -2*u. What is the tens digit of u?
1
Let w be (-3)/(-9)*(-4 + 1). What is the units digit of 73 - (7 + -4 + w)?
1
Let q be (-5204)/(-10) + (-15)/(-25). Suppose 4*d - q = -109. What is the tens digit of d?
0
Suppose 7 = -q + 4*p, -q - 3 = 2*p - 14. Let l(a) = -a**3 + 8*a**2 - 4*a + 7. What is the tens digit of l(q)?
6
Let o(j) = 12*j**2 - j - 1. Let r be o(-1). Let n be 4/r + 980/12. Suppose 2*c = 3*w + n, 5*w - 3 = c - 51. What is the units digit of c?
8
Suppose 2*b + 3*a + 3 = -2*b, -2 = -3*b + 2*a. Let t be (-3 + b)/(-1) - 2. What is the tens digit of (t - -3) + 0 + 34?
3
Suppose 0 = -3*j + 2*v + 59, -5*v - 24 - 19 = -2*j. What is the tens digit of j?
1
Let a(j) = -j**3 - 5*j**2 - 6*j - 3. Let r be a(-4). Let p(o) = 11*o + 31. What is the tens digit of p(r)?
8
Suppose 1045 = 8*v - 3*v. What is the tens digit of v?
0
Let h(f) = -f**2 + 11*f + 10. Let b be h(11). Let j(u) = 2*u**2 - 12*u - 3. What is the units digit of j(b)?
7
Suppose 22*t = 30075 - 2795. What is the hundreds digit of t?
2
Suppose 6*k - 8 = q + 4*k, 5*k - 14 = q. Let c be ((-1)/(-2))/(1/q). What is the units digit of (-52)/(-20) + c/(-5)?
3
What is the thousands digit of 131444/28 + (-230)/161?
4
Let v = 850 - 323. What is the hundreds digit of v?
5
Let b(z) = 21*z - 13 + 3*z - 3 - 5*z. What is the hundreds digit of b(7)?
1
Let l(x) = x**3 + 5*x**2 - 7*x - 5. Let p(u) = 4*u + 4. Let s(i) = 1. Let r(n) = p(n) - s(n). Let m be r(-2). What is the tens digit of l(m)?
3
Let o = -1176 + 2311. What is the hundreds digit of o?
1
Let r(l) = -l**3 + 22*l**2 - 28*l + 10. Suppose -4*q + 62 + 18 = 0. What is the hundreds digit of r(q)?
2
Let h = 45 - 43. Suppose h*i = -2*i + 288. What is the tens digit of i?
7
Let h = 56 - 52. Let k(o) = 2*o**3 - 6*o**2 + 4*o - 12. What is the tens digit of k(h)?
3
Let t be (-2 - -2)/(-1) - -5. Suppose 0 = -0*w - w, -16 = -4*b + t*w. Suppose -6*g + 2*g = b*k, -3*k + 3*g = -18. What is the units di